{"id":1114,"date":"2026-01-20T18:46:18","date_gmt":"2026-01-20T17:46:18","guid":{"rendered":"https:\/\/orizar.com\/produktua\/escalera-domestica-de-dos-peldanos\/"},"modified":"2026-01-20T18:46:18","modified_gmt":"2026-01-20T17:46:18","slug":"escalera-domestica-de-dos-peldanos","status":"publish","type":"product","link":"https:\/\/orizar.com\/es\/producto\/escalera-domestica-de-dos-peldanos\/","title":{"rendered":"Escalera dom\u00e9stica de dos pelda\u00f1os"},"content":{"rendered":"<p>Fabricada en aluminio, es ligera y al plegarla queda totalmente plana<\/p>\n","protected":false},"excerpt":{"rendered":"<p>Es muy estable y sus pelda\u00f1os anchos aseguran un confort y seguridad inmejorables.<\/p>\n","protected":false},"featured_media":1113,"template":"","meta":{"site-sidebar-layout":"default","site-content-layout":"","ast-site-content-layout":"default","site-content-style":"default","site-sidebar-style":"default","ast-global-header-display":"","ast-banner-title-visibility":"","ast-main-header-display":"","ast-hfb-above-header-display":"","ast-hfb-below-header-display":"","ast-hfb-mobile-header-display":"","site-post-title":"","ast-breadcrumbs-content":"","ast-featured-img":"","footer-sml-layout":"","theme-transparent-header-meta":"default","adv-header-id-meta":"","stick-header-meta":"default","header-above-stick-meta":"","header-main-stick-meta":"","header-below-stick-meta":"","astra-migrate-meta-layouts":"default","ast-page-background-enabled":"default","ast-page-background-meta":{"desktop":{"background-color":"var(--ast-global-color-4)","background-image":"","background-repeat":"repeat","background-position":"center center","background-size":"auto","background-attachment":"scroll","background-type":"","background-media":"","overlay-type":"","overlay-color":"","overlay-opacity":"","overlay-gradient":""},"tablet":{"background-color":"","background-image":"","background-repeat":"repeat","background-position":"center center","background-size":"auto","background-attachment":"scroll","background-type":"","background-media":"","overlay-type":"","overlay-color":"","overlay-opacity":"","overlay-gradient":""},"mobile":{"background-color":"","background-image":"","background-repeat":"repeat","background-position":"center center","background-size":"auto","background-attachment":"scroll","background-type":"","background-media":"","overlay-type":"","overlay-color":"","overlay-opacity":"","overlay-gradient":""}},"ast-content-background-meta":{"desktop":{"background-color":"var(--ast-global-color-5)","background-image":"","background-repeat":"repeat","background-position":"center center","background-size":"auto","background-attachment":"scroll","background-type":"","background-media":"","overlay-type":"","overlay-color":"","overlay-opacity":"","overlay-gradient":""},"tablet":{"background-color":"var(--ast-global-color-5)","background-image":"","background-repeat":"repeat","background-position":"center center","background-size":"auto","background-attachment":"scroll","background-type":"","background-media":"","overlay-type":"","overlay-color":"","overlay-opacity":"","overlay-gradient":""},"mobile":{"background-color":"var(--ast-global-color-5)","background-image":"","background-repeat":"repeat","background-position":"center center","background-size":"auto","background-attachment":"scroll","background-type":"","background-media":"","overlay-type":"","overlay-color":"","overlay-opacity":"","overlay-gradient":""}}},"pwb-brand":[73],"product_cat":[37],"product_tag":[],"class_list":{"0":"post-1114","1":"product","2":"type-product","3":"status-publish","4":"has-post-thumbnail","6":"pwb-brand-rubik","7":"product_cat-ferreteria","8":"desktop-align-left","9":"tablet-align-left","10":"mobile-align-left","11":"ast-product-gallery-layout-horizontal-slider","12":"ast-product-gallery-with-no-image","13":"ast-product-tabs-layout-distributed","15":"first","16":"instock","17":"taxable","18":"shipping-taxable","19":"purchasable","20":"product-type-simple"},"yoast_head":"<!-- This site is optimized with the Yoast SEO plugin v23.8 - https:\/\/yoast.com\/wordpress\/plugins\/seo\/ -->\n<title>Escalera dom\u00e9stica de dos pelda\u00f1os - Ferreter\u00eda Orizar Zarautz<\/title>\n<meta name=\"robots\" content=\"index, follow, max-snippet:-1, max-image-preview:large, max-video-preview:-1\" \/>\n<link rel=\"canonical\" href=\"https:\/\/orizar.com\/es\/producto\/escalera-domestica-de-dos-peldanos\/\" \/>\n<meta property=\"og:locale\" content=\"es_ES\" \/>\n<meta property=\"og:type\" content=\"article\" \/>\n<meta property=\"og:title\" content=\"Escalera dom\u00e9stica de dos pelda\u00f1os - Ferreter\u00eda Orizar Zarautz\" \/>\n<meta property=\"og:description\" content=\"Es muy estable y sus pelda\u00f1os anchos aseguran un confort y seguridad inmejorables.\" \/>\n<meta property=\"og:url\" content=\"https:\/\/orizar.com\/es\/producto\/escalera-domestica-de-dos-peldanos\/\" \/>\n<meta property=\"og:site_name\" content=\"Ferreter\u00eda Orizar Zarautz\" \/>\n<meta name=\"twitter:card\" content=\"summary_large_image\" \/>\n<script type=\"application\/ld+json\" class=\"yoast-schema-graph\">{\"@context\":\"https:\/\/schema.org\",\"@graph\":[{\"@type\":\"WebPage\",\"@id\":\"https:\/\/orizar.com\/es\/producto\/escalera-domestica-de-dos-peldanos\/\",\"url\":\"https:\/\/orizar.com\/es\/producto\/escalera-domestica-de-dos-peldanos\/\",\"name\":\"Escalera dom\u00e9stica de dos pelda\u00f1os - Ferreter\u00eda Orizar Zarautz\",\"isPartOf\":{\"@id\":\"https:\/\/orizar.com\/es\/#website\"},\"primaryImageOfPage\":{\"@id\":\"https:\/\/orizar.com\/es\/producto\/escalera-domestica-de-dos-peldanos\/#primaryimage\"},\"image\":{\"@id\":\"https:\/\/orizar.com\/es\/producto\/escalera-domestica-de-dos-peldanos\/#primaryimage\"},\"thumbnailUrl\":\"https:\/\/orizar.com\/wp-content\/uploads\/2026\/01\/Rubik-bi-mailako-eskilara.jpg\",\"datePublished\":\"2026-01-20T17:46:18+00:00\",\"dateModified\":\"2026-01-20T17:46:18+00:00\",\"breadcrumb\":{\"@id\":\"https:\/\/orizar.com\/es\/producto\/escalera-domestica-de-dos-peldanos\/#breadcrumb\"},\"inLanguage\":\"es\",\"potentialAction\":[{\"@type\":\"ReadAction\",\"target\":[\"https:\/\/orizar.com\/es\/producto\/escalera-domestica-de-dos-peldanos\/\"]}]},{\"@type\":\"ImageObject\",\"inLanguage\":\"es\",\"@id\":\"https:\/\/orizar.com\/es\/producto\/escalera-domestica-de-dos-peldanos\/#primaryimage\",\"url\":\"https:\/\/orizar.com\/wp-content\/uploads\/2026\/01\/Rubik-bi-mailako-eskilara.jpg\",\"contentUrl\":\"https:\/\/orizar.com\/wp-content\/uploads\/2026\/01\/Rubik-bi-mailako-eskilara.jpg\",\"width\":265,\"height\":265},{\"@type\":\"BreadcrumbList\",\"@id\":\"https:\/\/orizar.com\/es\/producto\/escalera-domestica-de-dos-peldanos\/#breadcrumb\",\"itemListElement\":[{\"@type\":\"ListItem\",\"position\":1,\"name\":\"Home\",\"item\":\"https:\/\/orizar.com\/es\/\"},{\"@type\":\"ListItem\",\"position\":2,\"name\":\"Tienda\",\"item\":\"https:\/\/orizar.com\/es\/tienda\/\"},{\"@type\":\"ListItem\",\"position\":3,\"name\":\"Escalera dom\u00e9stica de dos pelda\u00f1os\"}]},{\"@type\":\"WebSite\",\"@id\":\"https:\/\/orizar.com\/es\/#website\",\"url\":\"https:\/\/orizar.com\/es\/\",\"name\":\"Ferreter\u00eda Orizar Zarautz\",\"description\":\"\",\"publisher\":{\"@id\":\"https:\/\/orizar.com\/es\/#organization\"},\"potentialAction\":[{\"@type\":\"SearchAction\",\"target\":{\"@type\":\"EntryPoint\",\"urlTemplate\":\"https:\/\/orizar.com\/es\/?s={search_term_string}\"},\"query-input\":{\"@type\":\"PropertyValueSpecification\",\"valueRequired\":true,\"valueName\":\"search_term_string\"}}],\"inLanguage\":\"es\"},{\"@type\":\"Organization\",\"@id\":\"https:\/\/orizar.com\/es\/#organization\",\"name\":\"Ferreter\u00eda Orizar Zarautz\",\"url\":\"https:\/\/orizar.com\/es\/\",\"logo\":{\"@type\":\"ImageObject\",\"inLanguage\":\"es\",\"@id\":\"https:\/\/orizar.com\/es\/#\/schema\/logo\/image\/\",\"url\":\"https:\/\/orizar.com\/wp-content\/uploads\/2024\/10\/Orizar-logotipoa-osoa.png\",\"contentUrl\":\"https:\/\/orizar.com\/wp-content\/uploads\/2024\/10\/Orizar-logotipoa-osoa.png\",\"width\":623,\"height\":484,\"caption\":\"Ferreter\u00eda Orizar Zarautz\"},\"image\":{\"@id\":\"https:\/\/orizar.com\/es\/#\/schema\/logo\/image\/\"}}]}<\/script>\n<!-- \/ Yoast SEO plugin. -->","yoast_head_json":{"title":"Escalera dom\u00e9stica de dos pelda\u00f1os - Ferreter\u00eda Orizar Zarautz","robots":{"index":"index","follow":"follow","max-snippet":"max-snippet:-1","max-image-preview":"max-image-preview:large","max-video-preview":"max-video-preview:-1"},"canonical":"https:\/\/orizar.com\/es\/producto\/escalera-domestica-de-dos-peldanos\/","og_locale":"es_ES","og_type":"article","og_title":"Escalera dom\u00e9stica de dos pelda\u00f1os - Ferreter\u00eda Orizar Zarautz","og_description":"Es muy estable y sus pelda\u00f1os anchos aseguran un confort y seguridad inmejorables.","og_url":"https:\/\/orizar.com\/es\/producto\/escalera-domestica-de-dos-peldanos\/","og_site_name":"Ferreter\u00eda Orizar Zarautz","twitter_card":"summary_large_image","schema":{"@context":"https:\/\/schema.org","@graph":[{"@type":"WebPage","@id":"https:\/\/orizar.com\/es\/producto\/escalera-domestica-de-dos-peldanos\/","url":"https:\/\/orizar.com\/es\/producto\/escalera-domestica-de-dos-peldanos\/","name":"Escalera dom\u00e9stica de dos pelda\u00f1os - Ferreter\u00eda Orizar Zarautz","isPartOf":{"@id":"https:\/\/orizar.com\/es\/#website"},"primaryImageOfPage":{"@id":"https:\/\/orizar.com\/es\/producto\/escalera-domestica-de-dos-peldanos\/#primaryimage"},"image":{"@id":"https:\/\/orizar.com\/es\/producto\/escalera-domestica-de-dos-peldanos\/#primaryimage"},"thumbnailUrl":"https:\/\/orizar.com\/wp-content\/uploads\/2026\/01\/Rubik-bi-mailako-eskilara.jpg","datePublished":"2026-01-20T17:46:18+00:00","dateModified":"2026-01-20T17:46:18+00:00","breadcrumb":{"@id":"https:\/\/orizar.com\/es\/producto\/escalera-domestica-de-dos-peldanos\/#breadcrumb"},"inLanguage":"es","potentialAction":[{"@type":"ReadAction","target":["https:\/\/orizar.com\/es\/producto\/escalera-domestica-de-dos-peldanos\/"]}]},{"@type":"ImageObject","inLanguage":"es","@id":"https:\/\/orizar.com\/es\/producto\/escalera-domestica-de-dos-peldanos\/#primaryimage","url":"https:\/\/orizar.com\/wp-content\/uploads\/2026\/01\/Rubik-bi-mailako-eskilara.jpg","contentUrl":"https:\/\/orizar.com\/wp-content\/uploads\/2026\/01\/Rubik-bi-mailako-eskilara.jpg","width":265,"height":265},{"@type":"BreadcrumbList","@id":"https:\/\/orizar.com\/es\/producto\/escalera-domestica-de-dos-peldanos\/#breadcrumb","itemListElement":[{"@type":"ListItem","position":1,"name":"Home","item":"https:\/\/orizar.com\/es\/"},{"@type":"ListItem","position":2,"name":"Tienda","item":"https:\/\/orizar.com\/es\/tienda\/"},{"@type":"ListItem","position":3,"name":"Escalera dom\u00e9stica de dos pelda\u00f1os"}]},{"@type":"WebSite","@id":"https:\/\/orizar.com\/es\/#website","url":"https:\/\/orizar.com\/es\/","name":"Ferreter\u00eda Orizar Zarautz","description":"","publisher":{"@id":"https:\/\/orizar.com\/es\/#organization"},"potentialAction":[{"@type":"SearchAction","target":{"@type":"EntryPoint","urlTemplate":"https:\/\/orizar.com\/es\/?s={search_term_string}"},"query-input":{"@type":"PropertyValueSpecification","valueRequired":true,"valueName":"search_term_string"}}],"inLanguage":"es"},{"@type":"Organization","@id":"https:\/\/orizar.com\/es\/#organization","name":"Ferreter\u00eda Orizar Zarautz","url":"https:\/\/orizar.com\/es\/","logo":{"@type":"ImageObject","inLanguage":"es","@id":"https:\/\/orizar.com\/es\/#\/schema\/logo\/image\/","url":"https:\/\/orizar.com\/wp-content\/uploads\/2024\/10\/Orizar-logotipoa-osoa.png","contentUrl":"https:\/\/orizar.com\/wp-content\/uploads\/2024\/10\/Orizar-logotipoa-osoa.png","width":623,"height":484,"caption":"Ferreter\u00eda Orizar Zarautz"},"image":{"@id":"https:\/\/orizar.com\/es\/#\/schema\/logo\/image\/"}}]}},"brands":[{"id":73,"name":"Rubik","slug":"rubik"}],"_links":{"self":[{"href":"https:\/\/orizar.com\/es\/wp-json\/wp\/v2\/product\/1114"}],"collection":[{"href":"https:\/\/orizar.com\/es\/wp-json\/wp\/v2\/product"}],"about":[{"href":"https:\/\/orizar.com\/es\/wp-json\/wp\/v2\/types\/product"}],"wp:featuredmedia":[{"embeddable":true,"href":"https:\/\/orizar.com\/es\/wp-json\/wp\/v2\/media\/1113"}],"wp:attachment":[{"href":"https:\/\/orizar.com\/es\/wp-json\/wp\/v2\/media?parent=1114"}],"wp:term":[{"taxonomy":"pwb-brand","embeddable":true,"href":"https:\/\/orizar.com\/es\/wp-json\/wp\/v2\/pwb-brand?post=1114"},{"taxonomy":"product_cat","embeddable":true,"href":"https:\/\/orizar.com\/es\/wp-json\/wp\/v2\/product_cat?post=1114"},{"taxonomy":"product_tag","embeddable":true,"href":"https:\/\/orizar.com\/es\/wp-json\/wp\/v2\/product_tag?post=1114"}],"curies":[{"name":"wp","href":"https:\/\/api.w.org\/{rel}","templated":true}]}}

Escalera doméstica de dos peldaños

<p>Es muy estable y sus peldaños anchos aseguran un confort y seguridad inmejorables.</p>

<!-- This site is optimized with the Yoast SEO plugin v23.8 - https://yoast.com/wordpress/plugins/seo/ -->
<title>Escalera doméstica de dos peldaños - Ferretería Orizar Zarautz</title>
<meta name="robots" content="index, follow, max-snippet:-1, max-image-preview:large, max-video-preview:-1" />
<link rel="canonical" href="https://orizar.com/es/producto/escalera-domestica-de-dos-peldanos/" />
<meta property="og:locale" content="es_ES" />
<meta property="og:type" content="article" />
<meta property="og:title" content="Escalera doméstica de dos peldaños - Ferretería Orizar Zarautz" />
<meta property="og:description" content="Es muy estable y sus peldaños anchos aseguran un confort y seguridad inmejorables." />
<meta property="og:url" content="https://orizar.com/es/producto/escalera-domestica-de-dos-peldanos/" />
<meta property="og:site_name" content="Ferretería Orizar Zarautz" />
<meta name="twitter:card" content="summary_large_image" />
<script type="application/ld+json" class="yoast-schema-graph">{"@context":"https://schema.org","@graph":[{"@type":"WebPage","@id":"https://orizar.com/es/producto/escalera-domestica-de-dos-peldanos/","url":"https://orizar.com/es/producto/escalera-domestica-de-dos-peldanos/","name":"Escalera doméstica de dos peldaños - Ferretería Orizar Zarautz","isPartOf":{"@id":"https://orizar.com/es/#website"},"primaryImageOfPage":{"@id":"https://orizar.com/es/producto/escalera-domestica-de-dos-peldanos/#primaryimage"},"image":{"@id":"https://orizar.com/es/producto/escalera-domestica-de-dos-peldanos/#primaryimage"},"thumbnailUrl":"https://orizar.com/wp-content/uploads/2026/01/Rubik-bi-mailako-eskilara.jpg","datePublished":"2026-01-20T17:46:18+00:00","dateModified":"2026-01-20T17:46:18+00:00","breadcrumb":{"@id":"https://orizar.com/es/producto/escalera-domestica-de-dos-peldanos/#breadcrumb"},"inLanguage":"es","potentialAction":[{"@type":"ReadAction","target":["https://orizar.com/es/producto/escalera-domestica-de-dos-peldanos/"]}]},{"@type":"ImageObject","inLanguage":"es","@id":"https://orizar.com/es/producto/escalera-domestica-de-dos-peldanos/#primaryimage","url":"https://orizar.com/wp-content/uploads/2026/01/Rubik-bi-mailako-eskilara.jpg","contentUrl":"https://orizar.com/wp-content/uploads/2026/01/Rubik-bi-mailako-eskilara.jpg","width":265,"height":265},{"@type":"BreadcrumbList","@id":"https://orizar.com/es/producto/escalera-domestica-de-dos-peldanos/#breadcrumb","itemListElement":[{"@type":"ListItem","position":1,"name":"Home","item":"https://orizar.com/es/"},{"@type":"ListItem","position":2,"name":"Tienda","item":"https://orizar.com/es/tienda/"},{"@type":"ListItem","position":3,"name":"Escalera doméstica de dos peldaños"}]},{"@type":"WebSite","@id":"https://orizar.com/es/#website","url":"https://orizar.com/es/","name":"Ferretería Orizar Zarautz","description":"","publisher":{"@id":"https://orizar.com/es/#organization"},"potentialAction":[{"@type":"SearchAction","target":{"@type":"EntryPoint","urlTemplate":"https://orizar.com/es/?s={search_term_string}"},"query-input":{"@type":"PropertyValueSpecification","valueRequired":true,"valueName":"search_term_string"}}],"inLanguage":"es"},{"@type":"Organization","@id":"https://orizar.com/es/#organization","name":"Ferretería Orizar Zarautz","url":"https://orizar.com/es/","logo":{"@type":"ImageObject","inLanguage":"es","@id":"https://orizar.com/es/#/schema/logo/image/","url":"https://orizar.com/wp-content/uploads/2024/10/Orizar-logotipoa-osoa.png","contentUrl":"https://orizar.com/wp-content/uploads/2024/10/Orizar-logotipoa-osoa.png","width":623,"height":484,"caption":"Ferretería Orizar Zarautz"},"image":{"@id":"https://orizar.com/es/#/schema/logo/image/"}}]}</script>
<!-- / Yoast SEO plugin. -->

Escalera doméstica de dos peldaños - Ferretería Orizar Zarautz

Es muy estable y sus peldaños anchos aseguran un confort y seguridad inmejorables.

Ferretería Orizar Zarautz
